vert 10 (base 3) to base 5.
3
-132 (base 4) to base 9
-33
What is -32 (base 13) in base 8?
-51
What is 2 (base 9) in base 10?
2
Convert 64 (base 14) to base 10.
88
-1022 (base 5) to base 10
-137
-10000 (base 4) to base 11
-213
What is 9 (base 11) in base 6?
13
What is -3 (base 14) in base 11?
-3
Convert 10 (base 8) to base 5.
13
Convert c (base 16) to base 15.
c
Convert -7 (base 12) to base 13.
-7
What is -102 (base 13) in base 6?
-443
What is 10100 (base 2) in base 6?
32
Convert -14 (base 15) to base 5.
-34
11 (base 2) to base 3
10
What is 2 (base 12) in base 14?
2
Convert -10000 (base 2) to base 15.
-11
0 (base 9) to base 11
0
What is 2 (base 14) in base 13?
2
Convert 101 (base 2) to base 5.
10
Convert -18 (base 16) to base 13.
-1b
What is -11b (base 14) in base 7?
-434
What is -6 (base 16) in base 8?
-6
Convert 0 (base 14) to base 4.
0
What is -145 (base 10) in base 4?
-2101
Convert -11 (base 3) to base 9.
-4
171 (base 8) to base 6
321
Convert -7 (base 14) to base 13.
-7
Convert -6 (base 16) to base 11.
-6
-2433 (base 5) to base 7
-1034
-15 (base 11) to base 8
-20
3 (base 8) to base 13
3
Convert -1 (base 11) to base 14.
-1
Convert -6 (base 12) to base 13.
-6
Convert -221 (base 5) to base 7.
-115
What is 45 (base 7) in base 4?
201
Convert 12 (base 14) to base 12.
14
What is -17 (base 11) in base 14?
-14
What is -7 (base 11) in base 12?
-7
What is -2 (base 3) in base 13?
-2
-2 (base 3) to base 15
-2
What is 0 (base 16) in base 5?
0
What is 11 (base 3) in base 7?
4
Convert 190 (base 12) to base 7.
510
15 (base 6) to base 7
14
What is -1321 (base 4) in base 11?
-100
-320 (base 9) to base 10
-261
Convert 114 (base 5) to base 10.
34
What is -10 (base 3) in base 8?
-3
Convert -1 (base 15) to base 9.
-1
Convert -5 (base 16) to base 8.
-5
What is 6 (base 11) in base 9?
6
What is -1 (base 16) in base 14?
-1
Convert 286 (base 9) to base 11.
1a9
What is 5 (base 7) in base 3?
12
What is 168 (base 9) in base 7?
263
3 (base 5) to base 16
3
Convert 2 (base 4) to base 16.
2
7 (base 8) to base 13
7
1004 (base 5) to base 12
a9
What is 440 (base 6) in base 7?
330
Convert -2d (base 15) to base 9.
-47
What is -11100100 (base 2) in base 16?
-e4
Convert -12 (base 16) to base 8.
-22
Convert -2 (base 4) to base 3.
-2
What is 1221 (base 3) in base 2?
110100
What is -40 (base 7) in base 2?
-11100
Convert -131 (base 4) to base 6.
-45
What is 3 (base 13) in base 6?
3
e3 (base 16) to base 14
123
Convert -7 (base 16) to base 5.
-12
Convert 11 (base 6) to base 10.
7
1 (base 8) to base 3
1
What is -11 (base 13) in base 2?
-1110
What is -51 (base 8) in base 2?
-101001
Convert 6 (base 10) to base 6.
10
What is -f (base 16) in base 7?
-21
Convert 2a (base 13) to base 15.
26
What is -2c (base 16) in base 8?
-54
0 (base 2) to base 5
0
What is -230 (base 5) in base 6?
-145
What is -3 (base 15) in base 5?
-3
3 (base 8) to base 7
3
What is 3b (base 16) in base 2?
111011
What is -2 (base 4) in base 11?
-2
-b (base 14) to base 8
-13
What is 132 (base 7) in base 8?
110
What is 2 (base 11) in base 14?
2
What is 1 (base 5) in base 4?
1
9a (base 12) to base 5
433
Convert -3 (base 5) to base 6.
-3
1 (base 9) to base 2
1
45 (base 10) to base 16
2d
What is 14 (base 14) in base 7?
24
6 (base 9) to base 7
6
1010 (base 5) to base 14
94
26 (base 11) to base 13
22
What is 3 (base 15) in base 9?
3
-4 (base 16) to base 6
-4
Convert -7 (base 16) to base 10.
-7
333 (base 5) to base 15
63
Convert 1c (base 16) to base 3.
1001
What is -10 (base 3) in base 6?
-3
What is 1000 (base 5) in base 6?
325
14 (base 7) to base 14
b
What is 12 (base 13) in base 14?
11
Convert -10 (base 3) to base 5.
-3
What is -124 (base 6) in base 5?
-202
54 (base 14) to base 16
4a
What is 23 (base 7) in base 3?
122
What is 1a (base 16) in base 15?
1b
-2 (base 5) to base 15
-2
-2 (base 13) to base 9
-2
Convert 11100 (base 2) to base 10.
28
Convert 101 (base 8) to base 4.
1001
Convert 10 (base 4) to base 3.
11
What is 10 (base 9) in base 7?
12
What is 12 (base 16) in base 4?
102
Convert -65 (base 9) to base 6.
-135
What is -131 (base 4) in base 5?
-104
-23 (base 4) to base 12
-b
-15 (base 10) to base 14
-11
Convert 6 (base 7) to base 8.
6
Convert -3 (base 14) to base 6.
-3
-5 (base 16) to base 9
-5
What is -22 (base 3) in base 2?
-1000
Convert -18 (base 16) to base 6.
-40
Convert -1 (base 15) to base 12.
-1
What is 0 (base 9) in base 4?
0
0 (base 8) to base 12
0
Convert -12 (base 4) to base 11.
-6
What is -28 (base 9) in base 16?
-1a
Convert -83 (base 10) to base 13.
-65
2 (base 10) to base 8
2
What is 102 (base 3) in base 12?
b
Convert 112 (base 4) to base 11.
20
What is 3 (base 4) in base 3?
10
-1 (base 4) to base 13
-1
-154 (base 8) to base 10
-108
Convert -45 (base 8) to base 15.
-27
Convert -315 (base 6) to base 2.
-1110111
-1 (base 6) to base 14
-1
2 (base 6) to base 5
2
152 (base 6) to base 15
48
What is -1 (base 4) in base 8?
-1
What is -61 (base 16) in base 12?
-81
What is -7 (base 11) in base 8?
-7
What is -50 (base 9) in base 14?
-33
-36 (base 10) to base 15
-26
Convert -10112 (base 3) to base 4.
-1133
What is 3202 (base 4) in base 10?
226
What is -3 (base 13) in base 2?
-11
Convert -4 (base 9) to base 14.
-4
Convert 11111011 (base 2) to base 5.
2001
What is -10 (base 13) in base 4?
-31
What is -30 (base 4) in base 5?
-22
2130 (base 5) to base 6
1202
Convert 1 (base 5) to base 14.
1
-121 (base 3) to base 8
-20
What is 1 (base 3) in base 2?
1
11010 (base 2) to base 9
28
What is 1201 (base 3) in base 11?
42
Convert 72 (base 10) to base 3.
2200
34 (base 12) to base 14
2c
3 (base 15) to base 5
3
What is -16 (base 8) in base 6?
-22
-1 (base 16) to base 13
-1
Convert 10 (base 9) to base 7.
12
9 (base 11) to base 8
11
-17 (base 11) to base 12
-16
-203 (base 4) to base 15
-25
Convert -134 (base 8) to base 11.
-84
What is 3b (base 13) in base 15?
35
Convert 68 (base 11) to base 8.
112
What is -2 (base 14) in base 7?
-2
What is -a1 (base 13) in base 6?
-335
What is -23 (base 8) in base 14?
-15
What is 11 (base 8) in base 12?
9
What is 0 (base 7) in base 6?
0
What is -220 (base 10) in base 5?
-1340
What is 3 (base 15) in base 6?
3
4 (base 9) to base 13
4
Convert 1101101 (base 2) to base 12.
91
Convert -8 (base 10) to base 5.
-13
-112 (base 13) to base 2
-10111000
-2 (base 14) to base 3
-2
Convert -13 (base 16) to base 6.
-31
What is 13 (base 6) in base 13?
9
Convert -2 (base 7) to base 11.
-2
Convert -11101 (base 2) to base 15.
-1e
What is 1001 (base 2) in base 14?
9
Convert 303 (base 5) to base 8.
116
What is -2 (base 9) in base 4?
-2
Convert 63 (base 7) to base 6.
113
6 (base 8) to base 6
10
What is -3 (base 8) in base 16?
-3
What is -117 (base 10) in base 3?
-11100
-3 (base 4) to base 14
-3
Convert -30 (base 9) to base 11.
-25
-151 (base 14) to base 13
-177
Convert -2 (base 5) to base 3.
-2
Convert 44 (base 5) to base 3.
220
Convert -8 (base 12) to base 7.
-11
-62 (base 16) to base 10
-98
What is -8 (base 13) in base 14?
-8
-8 (base 9) to base 3
-22
Convert 34 (base 5) to base 12.
17
What is -23 (base 6) in base 16?
-f
Convert -32 (base 9) to base 2.
-11101
Convert -122 (base 9) to base 10.
-101
33 (base 6) to base 10
21
What is -20 (base 5) in base 15?
-a
-10 (base 13) to base 3
-111
What is 43 (base 7) in base 15?
21
1 (base 15) to base 11
1
11 (base 16) to base 5
32
-2 (base 3) to base 8
-2
What is -21 (base 7) in base 8?
-17
What is 6 (base 11) in base 10?
6
What is 7 (base 13) in base 9?
7
-d2 (base 14) to base 4
-2320
Convert 0 (base 6) to base 14.
0
What is -3 (base 4) in base 10?
-3
-10 (base 13) to base 2
-1101
What is -30 (base 14) in base 5?
-132
What is 11 (base 2) in base 16?
3
What is 75 (base 14) in base 6?
251
Convert 16 (base 10) to base 13.
13
Convert 2 (base 4) to base 7.
2
What is -10 (base 4) in base 9?
-4
-11110 (base 3) to base 2
-1111000
Convert -3 (base 16) to base 13.
-3
-104 (base 9) to base 15
-5a
What is -9 (base 12) in base 16?
-9
Convert -143 (base 6) to base 12.
-53
What is 2 (base 11) in base 9?
2
What is -120 (base 3) in base 2?
-1111
What is -1111000 (base 2) in base 8?
-170
4 (base 7) to base 13
4
What is 120 (base 7) in base 9?
70
-101 (base 2) to base 14
-5
What is -83 (base 16) in base 9?
-155
-1 (base 9) to base 15
-1
d (base 14) to base 2
1101
-10 (base 5) to base 14
-5
What is 12 